ime?
True
Let n be (-1 - (-1)/(-2))*-2. Let t be 2 - -1 - n*-121. Suppose -w = -5*f + 2*f + t, 4*f + 4*w = 472. Is f composite?
True
Let l(o) = 6*o - 27. Let i be l(5). Is (13578/(-9))/((-2)/i) a prime number?
False
Let l = -7 - -9. Suppose l - 10 = 4*r. Is (-287)/r - (-1)/(-2) prime?
False
Suppose -2*l + 5245 = -4*s - 9977, 4*l + 2*s = 30424. Is l a prime number?
True
Let w(r) = -4*r**3 + 4*r**2 + r - 4. Suppose 1 = s - 3*h + 3, 0 = 2*s - 3*h + 7. Is w(s) a composite number?
True
Suppose -3 + 1 = 2*y. Let s be (2 + -2)/(y - 2). Suppose 0 = -x - s*x + 83. Is x composite?
False
Suppose -2*x = -4*x. Let y(b) = b**3 - b**2 - b + 4. Let t be y(x). Suppose -5*v + d - 251 + 1180 = 0, -t*v = -5*d - 760. Is v composite?
True
Suppose 872 = g + 5*z, -5*z + 2*z = -2*g + 1757. Is g prime?
True
Let w(i) = 4*i**2 - i - 19. Suppose -5*m = b - 47, m - 53 = -4*m + b. Is w(m) a prime number?
False
Suppose -2*m - 1045 = -4*n + n, -5*n - 1577 = 3*m. Let k = -207 - m. Is k prime?
True
Suppose j - 4 = -0*j. Suppose -j*t - t = -6245. Is t composite?
False
Let b(f) be the third derivative of 11*f**5/15 + 3*f**4/8 + 6*f**3 - f**2 + 24. Is b(-5) a composite number?
False
Let q(f) = -166*f - 5. Let l(g) = -g**3 + 3*g**2 + 2*g - 5. Let c be l(4). Is q(c) a prime number?
True
Suppose 7*s - 47 = 4*s + 5*i, 4*s - 4*i - 68 = 0. Let a = -17 + s. Is (-2723)/(-7) + a + 0 a prime number?
False
Suppose 7*h - 33 + 12 = 0. Suppose 2453 = 3*p + 4*g, -4*g = -h*g - 2. Is p prime?
False
Let r(d) = -3007*d**2 + 8 + 3005*d**2 + 6*d**3 + d**3 - 6*d. Is r(3) a prime number?
False
Let g = 21 + -17. Suppose -h - h + g = 0. Suppose 0 = h*y - 17 - 149. Is y a composite number?
False
Let y = -35 - 2815. Let u = -1325 - y. Suppose 30*v - 25*v - u = 0. Is v composite?
True
Let l = -47 + 87. Suppose 62 = 4*r - 110. Suppose -l = -2*a + 4*i, -i = 4*a - 46 - r. Is a a prime number?
False
Suppose 9*g - 210933 - 15534 = 0. Is g composite?
False
Suppose -2*i + 4*i = 5*o + 1513, 2987 = 4*i + 3*o. Is i a prime number?
False
Let i be (3 - 1) + (-164)/(-4). Let s = 366 + -280. Let r = s - i. Is r prime?
True
Let f = 345 + 1098. Is ((-10)/25 - 11/(-15))*f prime?
False
Suppose 3*j - 24 = -j. Suppose -d - 2 = -2*t, 3*d + 4*t + t = 16. Suppose 0 = -4*b - d*g + 96, -b + 25 = -3*g - j. Is b a composite number?
True
Is (-4)/(-8)*8296 + -7 composite?
True
Let p(f) = f - 51 + 30*f + 24 + 30. Is p(1) composite?
True
Let t = -2198 - -4301. Is t a composite number?
True
Let n be (-2)/9 + 1246/18. Is 5842/n + (-1)/(-3) composite?
True
Let p(y) = 497*y**2 + 7*y + 7. Let t(b) = -1491*b**2 - 20*b - 20. Let f(q) = -17*p(q) - 6*t(q). Is f(-2) a composite number?
False
Let j = -316 - -765. Is j prime?
True
Let p be 1*15*7/21. Suppose 4*d - 142 = p*o + 1017, -d = 4*o - 295. Is d prime?
False
Let i = 14566 - 6527. Is i a prime number?
True
Is (-2)/(-11) - 6*(-58635)/198 prime?
True
Let c(q) = -3*q**3 + 2*q**2 + q - 783. Let o(i) = -i**3 + i**2 + i + 1. Let a(p) = -c(p) + 2*o(p). Is a(0) prime?
False
Let i = 30 - 30. Suppose -4*d = s - 337, -5*d = -3*s - i*d + 1011. Is s a composite number?
False
Let g be (142/(-3))/(10/(-75)). Let w be (-506)/(2/1) + 1. Let t = w + g. Is t composite?
False
Suppose -72*i - 93870 = -74*i - l, 0 = -5*i - l + 234669. Is i a composite number?
False
Suppose 3*y - 22067 = 4*f + 2710, 5*f - 15 = 0. Is y composite?
False
Suppose -212267 = -2*y - 21*y. Is y composite?
True
Let f(d) be the first derivative of 9*d**2/2 + 5*d - 43. Is f(10) a prime number?
False
Let k(i) = 28*i**3 - 4*i**2 - 3. Let t(w) = -2*w**3 - w**2 - w. Let u(s) = k(s) - 4*t(s). Let y(z) = -z + 2. Let n be y(0). Is u(n) a composite number?
False
Let k(n) = 56*n - 1. Let y be k(-7). Let q = 0 + -2. Is y/(-9) - q/(-3) a prime number?
True
Suppose 11*t = 6*t - 25. Let o(p) = -p**3 - 5*p**2 - 5*p - 7. Let m be o(t). Suppose -2*n + 4*j = -m, -5*n = 3*j + 20 - 130. Is n a composite number?
False
Let j(y) = 27*y**3 - y**2 - y. Let f be j(-2). Let p be ((-976)/(-48))/((6/45)/(-2)). Let q = f - p. Is q prime?
False
Let h be -1 + 3 + -1 + 3. Is 6/h*3310/15 composite?
False
Let w(l) = -101*l**3 - 4*l**2 - 3*l + 9. Is w(-4) a prime number?
True
Suppose 2*i - 4228 = -2*i. Suppose -3*c + 9 = 0, -c + 5 = -w + 2. Suppose 5*h - k - i = w, 3*h - k + 6*k - 623 = 0. Is h composite?
False
Let l(t) = 29*t**3 + 4*t**2 + 6*t + 4. Is l(3) a prime number?
False
Let u = -2054 - -1302. Let j = 1339 + u. Is j composite?
False
Suppose -5*o + 3*l = -768 - 696, -o - 5*l = -276. Let y = o + 818. Is y composite?
False
Let y be (0 - -3)*1892/6. Suppose v - 136 - y = 0. Is v a composite number?
True
Let j = -2008 - -2010. Let f = -4 - -6. Suppose -f*v + 426 = 3*h, j*v + 219 - 653 = -h. Is v composite?
True
Let q(n) = -n**3 - 6*n**2 - 8*n + 4. Let c be q(-4). Suppose -4*g + 6*g + c*h = -82, -2*g = -3*h + 54. Is (51/(-9))/1*g composite?
True
Let z(j) = 230*j - 13. Let g(o) = o. Let m(p) = g(p) + z(p). Is m(4) a prime number?
True
Let b = 473 - 175. Let p = b + 276. Is p + 1*(3 + -6) a prime number?
True
Let u be 20/(-50) - 334/(-10). Let q = 35 - u. Is q prime?
True
Suppose -2*n + 4 = -6*n. Let m be (-6)/2 + (-3)/n. Suppose -4*l + 9*l - 545 = m. Is l prime?
True
Suppose -6*x - 77161 = -9*x + 2*n, 3*x = -2*n + 77141. Is x a composite number?
False
Suppose 193000 = 38*a - 3498. Is a composite?
False
Suppose -43 = 4*j + 5. Let d be (-7)/42 - 2/j. Suppose 10 = 4*b + 3*v - 80, d = -3*v + 6. Is b composite?
True
Suppose -2*u + 320 = 6*u. Let y = -6 + u. Is y a prime number?
False
Let m(q) = 49*q - 152. Is m(7) a composite number?
False
Is 6*-5862*(-2)/72 composite?
False
Suppose 0 = -48*t + 19*t + 587395. Is t a composite number?
True
Suppose -4*g - 152 = 400. Suppose 5*p + 435 = -0*p. Let l = p - g. Is l a composite number?
True
Let t be (6/10)/(1/10). Let a = t - 2. Suppose -2*x + 327 = -x + 5*j, -1352 = -a*x + 2*j. Is x a composite number?
False
Let z(a) = 234*a - 5. Let k be z(14). Let d = k + -2078. Is d a prime number?
True
Let k be ((-9)/(-9))/((-2)/(-80)). Let o be (-10)/(-45) - k/18. Let s(b) = 100*b**2 + b - 1. Is s(o) a composite number?
False
Let p = 1 + -1. Let w be p/(-5 + 4 - 2). Suppose w = i + 4*x - 59, 3*i - 108 - 102 = -x. Is i prime?
True
Let c(q) = -q**3 + 9*q**2 + 10*q - 1. Suppose -8*p + 84 = -12*p. Let v be 2/3 + (-133)/p. Is c(v) a composite number?
False
Suppose 0 = 2*l - 1516 - 50. Suppose 0*a - l = 3*a. Let g = a - -452. Is g composite?
False
Let a(d) = d**2 - 6*d - 7. Let y be a(8). Let l = y - 9. Suppose -2*h = -4*r + 2*h + 124, l = -5*h + 15. Is r a composite number?
True
Suppose -6*x + 15938 = -11500. Is x a prime number?
False
Suppose -21 = -4*t - 1. Suppose -3*q - 345 = -4*a + a, t*a - 607 = -3*q. Is a a prime number?
False
Suppose -v - 361 = -7*a + 6*a, -v = 2*a - 716. Is a a prime number?
True
Let s be 110/15*9/(-6). Is (-2)/(-4)*(-36278)/s prime?
False
Suppose 2 + 6 = -4*f. Suppose -2 = u - n + 3, 3*u + 5*n - 17 = 0. Is u/(-2) - 137/f composite?
True
Suppose -3*g + 23 = 2*g + 4*o, g + 5*o = 13. Suppose 3*r - 519 = g*p, p = 4*r + 3*p - 722. Is r a prime number?
False
Suppose -7*y + y = -12. Let d be (y/1 + -1)*5. Suppose 3*m + d*a - 330 = 2*a, 4*m = 2*a + 446. Is m a composite number?
True
Let r be 2/(-4) - (-26)/4. Suppose 2*o = r*o - 4*u + 8, -2*o = 2*u. Let n(m) = -119*m**3. Is n(o) a composite number?
True
Is (((-928169)/57)/(-11))/((-2)/(-6)) a composite number?
False
Suppose 2*t + 2 + 3 = 3*b, -4*b = 2*t - 16. Suppose t*c - 160 = 262. Is c composite?
False
Let g be ((-39)/9 + 1)*-6. Suppose 12*q - g = 10*q. Is q a composite number?
True
Suppose -4*v + 2*v + 1089 = -5*h, -5*h - 542 = -v. Suppose 2*t - v = -5*l, -3*l = t - 2*l - 278. Suppose 0 = -3*m - 44 + t. Is m a composite number?
False
Suppose 172*z - 812388 = 160*z. Is z prime?
True
Let j = -17628 + 63761. Is j a prime number?
True
Let h = -4 + 9. Suppose 0 = -h*j + 896 - 241. Is j prime?
True
Let i = 4071 + -406. Is i a prime number?
False
Let o(v) = 17*v**2 - 78*v - 21. Is o(-16) prime?
False
Suppose -5*b + 15 + 0 = 0. Suppose -3*g + 12 = 2*w, 0 = -b*w - g + 4*g + 3. Suppose -10 = -4*v - 26, v = -w*d + 1091. Is d prime?
False
Let d = -249 + -349. Is d/(-10) + (-24)/30 composite?
False
Is (4/12)/((-17646)/17649 - -1) prime?
False
Suppose -o = -6*t - 95801, -3*o + 3*t = -77570 -